 4*j**2 - j - 8. Let v be n(-4). What are the prime factors of (42/v)/(5/(-10))?
3, 7
Suppose 3*r + 4 = 3*q + r, 0 = 3*q - 4*r - 14. What are the prime factors of (10/(-10))/(q/68)?
2, 17
Suppose k + 64 = 5*k. List the prime factors of k.
2
Let v be 43/9 + (-18)/(-81). Let t(u) = -u**2 - 6*u + 1. Let p be t(-6). Suppose p = 2*n + s - 13, 3*s = v*n - 35. List the prime factors of n.
7
Suppose 4*b = 2*b. Suppose -w + 17 = -4*n + n, b = w + 2*n + 3. What are the prime factors of w?
5
Let s(w) = w + 34. List the prime factors of s(11).
3, 5
Suppose -96 = 4*k - 944. What are the prime factors of k?
2, 53
Suppose -3*q - m = -2*m + 28, 5*q = 2*m - 48. Let u = 18 - q. List the prime factors of u.
2, 13
Let z(x) = 2*x + 1. Let u be z(-5). Let v = -7 - u. List the prime factors of v.
2
Suppose 2*v - 4*v - 6 = -4*h, 3*h + 4*v - 10 = 0. What are the prime factors of h?
2
Suppose -s = -3 + 1. Suppose -o + s*o - 21 = 0. List the prime factors of o.
3, 7
Let x = 28 + -19. Suppose -z = u - 2*z - x, -5*z = 3*u - 3. What are the prime factors of (u/9)/((-1)/(-3))?
2
List the prime factors of (-1*61/(-2))/(2/4).
61
Suppose -7 + 0 = v. Let l(w) = w**2 + 5*w + 2 + 3 + 0*w**2 - 7. What are the prime factors of l(v)?
2, 3
Let r be 2/8 - (-126)/8. Let f = -8 + r. List the prime factors of f.
2
Suppose -5*y = l - 154, 5*y - 2*l = -4*l + 158. Suppose 3*n - 75 = y. List the prime factors of n.
5, 7
Let h = -12 + 17. Suppose 3*g = -h + 14. What are the prime factors of g?
3
Let d(y) = -6*y**3 - 2*y**2 + 1. Let r be d(-1). Suppose 0 = -r*u + 2*v + 18, -v + 23 = 5*u + 2*v. What are the prime factors of u?
2
Let y(g) = -g**2 + 2*g + 10. Let d be y(5). Let c = d + 8. List the prime factors of c.
3
Suppose -3*s + 13 = -5. Suppose -b + s*b = 10. What are the prime factors of b?
2
Let i = 137 - 77. List the prime factors of i.
2, 3, 5
Let h be 79/3 + (-5)/15. List the prime factors of h/1 + (-26)/13.
2, 3
Suppose 4*d - r = 25, 6*d - 4*d - 5*r - 35 = 0. Suppose -l = -4*f - 2*l + 20, -d*f + l + 25 = 0. What are the prime factors of f?
5
Let i be (-4)/6 + 46/6. Let k(h) = -h - 1. Let m(l) = 3*l + 5. Let o(q) = 2*k(q) + m(q). What are the prime factors of o(i)?
2, 5
Let s(r) = -2*r - 6. Suppose 5*x = 4*w + 145, 5*w = x + 2*w - 40. Suppose -2*i + x = -7*i. What are the prime factors of s(i)?
2
List the prime factors of (1/2)/(9/702).
3, 13
Let n = 127 + 73. What are the prime factors of n?
2, 5
Let k(z) = 2*z + 4. Let s be 3/12 + (-42)/8. Let a be k(s). What are the prime factors of 38/(4 - a/(-3))?
19
Let q(l) = -l**3 + 4*l**2 + 6*l - 1. Let r be q(5). Let v(n) = 2*n - 4. What are the prime factors of v(r)?
2
Suppose 288 = 4*m - 68. List the prime factors of m.
89
Let z(g) = 2*g**2 - 2*g + 2. Let h be z(4). Suppose 8 + h = 2*i. Suppose 3*q - t - 25 = 0, -t + i = 2*q - 2*t. List the prime factors of q.
2
Suppose 0 = -4*q + 24 + 40. Suppose 3*i - 4*i = -q. What are the prime factors of ((-6)/8)/((-1)/i)?
2, 3
Let j(b) = -b**3 - 5*b**2 + 7. List the prime factors of j(-6).
43
Let z be ((-5)/5)/((-2)/34). Let y = z - 15. What are the prime factors of y?
2
Suppose 0*o = -4*o + 12. Suppose 0 = -v - 5*a + 45, 0*a - 115 = -5*v - o*a. List the prime factors of v.
2, 5
Suppose 8 = 2*m, 7 = 3*h - 2*h - 2*m. Suppose -3*g - 7 - 20 = 0. Let o = g + h. List the prime factors of o.
2, 3
Let f(y) = 5*y + 13. Let q be (-2)/(-7) - 40/(-7). List the prime factors of f(q).
43
Suppose -4*f + 24 = -f. Let m(h) be the first derivative of h**2 - h - 1. List the prime factors of m(f).
3, 5
Suppose 0 = -p + 2 - 0. Suppose -5*r = 4*x - p*x + 11, -4*x = 12. What are the prime factors of r/4 - 102/(-24)?
2
Let g(d) = 0*d**3 + d - d**2 + 3*d**3 - 1 + 2*d**2. Let y be 9/7 - (-4)/(-14). What are the prime factors of g(y)?
2
Let w be 3 + -1 + 1 + 0. Let b = w + -1. Suppose 3*n - 24 = -b*l, -5*l = n + n - 60. List the prime factors of l.
2, 3
Suppose 4*f + 64 = 4*j, 0 = j + 2*f - 3 - 1. List the prime factors of j.
2, 3
Let g(s) = s**3 - 13*s**2 + 6*s - 1. Let r(a) = -3*a**3 + 38*a**2 - 17*a + 4. Let b(v) = 17*g(v) + 6*r(v). List the prime factors of b(7).
7
Suppose a - 2*u = -0*a + 27, 5*a - 3*u - 170 = 0. What are the prime factors of a?
37
Let s = 66 + -30. List the prime factors of s.
2, 3
Suppose 5*p + 0*p = 205. What are the prime factors of p?
41
What are the prime factors of (-6 + 9)/(6/38)?
19
Suppose 0*u = -4*u + 5*q + 33, 0 = -2*u + 3*q + 15. Let x = u + -7. List the prime factors of x.
5
Suppose 259 = -7*u + 819. List the prime factors of u.
2, 5
Let z = -40 - -51. List the prime factors of z.
11
Let o be (1 - -2)/((-6)/(-20)). What are the prime factors of 4/(-10) - (-134)/o?
13
Let l be (1 - -2) + 8/(-2). Let h = -6 + l. List the prime factors of (2/(-6))/(h/84).
2
Let h be (-3)/((-12)/16*-2). List the prime factors of (2 - (-3)/h)*58.
29
Let x be 1 + (-1 - -1 - -1). Suppose 0 = -4*q - 3*v + 29, -5*q + 0*v = 2*v - 45. Suppose -x = -n + q. What are the prime factors of n?
13
Let n(m) = 8*m - 3. Let h = 7 + -4. Let o be n(h). Let q = o + -14. What are the prime factors of q?
7
Let z(n) = -n**3 - n**2 + 4*n - 1. Let y be z(-3). Let t(m) = y*m - 2*m + 11 - 2*m. List the prime factors of t(-8).
3
Suppose 4*s = 402 + 66. What are the prime factors of s?
3, 13
What are the prime factors of ((-84)/14)/((-4)/6)?
3
Suppose -3*b + 190 = -29. What are the prime factors of b?
73
Let m(h) be the second derivative of h**3/6 - 3*h**2/2 + 4*h. List the prime factors of m(5).
2
Suppose -915 = 28*c - 31*c. List the prime factors of c.
5, 61
Suppose -2*a + 0*o = -2*o - 122, -291 = -5*a - 2*o. List the prime factors of a.
59
Let z = -9 + 15. Let p = z - 2. Suppose p*r = 2*r + f + 33, 0 = -2*r + 2*f + 32. List the prime factors of r.
17
Suppose 68 = 2*i - 112. What are the prime factors of i?
2, 3, 5
List the prime factors of (-2)/(-9) + (-3640)/(-63).
2, 29
Suppose -221 = -3*f - 41. What are the prime factors of f?
2, 3, 5
Suppose -i = -4*n - 3*i + 426, 10 = -2*i. What are the prime factors of n?
109
Let t(m) = -2*m + 2. Let n be t(-4). Suppose n - 1 = 3*w. Suppose 0*a + w*a = 36. List the prime factors of a.
2, 3
Suppose 6*h - 3*h = 2*w + 90, -146 = -5*h + 2*w. List the prime factors of h.
2, 7
Let t = -43 + 12. List the prime factors of t/(-5) - 1/5.
2, 3
Let f = 329 - 197. List the prime factors of f.
2, 3, 11
What are the prime factors of 39 - 2*25/10?
2, 17
Let f(i) = i**2 - i + 57. List the prime factors of f(0).
3, 19
Let x be (-10)/(-2) + (-3 - -3). Suppose 5*m = n + 2 - 7, 0 = x*n + 3*m - 25. Suppose -4*j + 70 = -2*c, -4*c = j + n - 0. List the prime factors of j.
3, 5
Let m(v) = v**2 - 4*v. Suppose 0 = -3*x - 0*x + 21. What are the prime factors of m(x)?
3, 7
Suppose -w = -2*q + 17, 0 = -4*q - w + 4*w + 35. Let a = 4 + q. What are the prime factors of a?
2, 3
Let r be 12/(-9)*-1*3. Suppose -3*k + 12 = 0, o = r*o - k - 56. Suppose -3*h - 2*h = -o. What are the prime factors of h?
2
Let s = -2 - 2. Let d = -2 - s. List the prime factors of (d/6)/(2/12).
2
Let u(d) = d**2 - 6*d + 5. Suppose 4*b - 2*o - 16 = -0*b, 0 = 3*b - 2*o - 10. What are the prime factors of u(b)?
5
Let t(v) = 17*v**3 + v. Let p be t(1). Suppose 0 = 4*d + 2 - p. List the prime factors of d.
2
Let x(n) = -6*n**2 + 3*n - 1. Let p be x(2). Let g = p + 45. What are the prime factors of g?
2, 13
Let i = 1 - -2. Let y be -1*(-2 + 1) + i. Suppose z = -y*z + 70. List the prime factors of z.
2, 7
List the prime factors of (-4)/10 + 399/35.
11
Let n = 17 - 12. Suppose -32 = -n*q + q. List the prime factors of q.
2
List the prime factors of 6/(7 + -4) - -28.
2, 3, 5
Let t(g) = 4*g**2 - 5*g + 2. Let k be t(3). Let j = 19 + k. Suppose j = 5*m + 4*a, 3*a = -4 - 2. What are the prime factors of m?
2, 5
Suppose -4*q + 25 = -k + q, -k + q = 13. What are the prime factors of 5/k - 25/(-2)?
2, 3
Suppose 4*v - 281 = s, -3*s + 7*s = -5*v + 346. List the prime factors of v.
2, 5, 7
Let l(u) be the third derivative of -u**6/120 + 7*u**5/60 - u**4/24 - 7*u**3/3 - 7*u**2. List the prime factors of l(6).
2
Let g(v) = -v**2 - 11*v - 12. Let h be g(-8). Let s = h - 18. List the prime factors of (-4)/s - (-64)/12.
2, 3
Let h(z) = 3*z**2 - 2*z + 2. Let l be h(2). Suppose 10 = 5*b - l. Let r = 16 - b. List the prime factors of r.
2, 3
Suppose 0 = -2*z - 0*z - 60. List th